is divided by 148/12 + (-4)/(-6).
11
Suppose t - 226 = 1196 - 135. Calculate the remainder when t is divided by 10.
7
Let v = 30 - 36. Let g(r) = r**3 + 9*r**2 + 14*r + 6. What is the remainder when 38 is divided by g(v)?
8
Let z = -3123 + 3200. What is the remainder when 15014 is divided by z?
76
Let v(x) = -2*x**2 + 19*x + 68. What is the remainder when 266 is divided by v(0)?
62
Let b = -2109 + 1430. What is the remainder when 21/105 - (-2)/(-10)*b is divided by 35?
31
Suppose d + d = -2. Let k(v) = -19*v**3 - 672*v**2 + 673*v**2 - 1 + 5*v - 4*v. Calculate the remainder when 34 is divided by k(d).
16
Suppose 13*r + 1250 = 3*r. Let a = 135 + r. Calculate the remainder when a is divided by 6.
4
Suppose 2*z - 41 = 21. Calculate the remainder when 135 is divided by z.
11
Suppose 17 - 81 = -2*k. Let q = 80 + k. Let f(s) = -24*s - 365. Calculate the remainder when q is divided by f(-16).
17
Let d = 20 + -7. Let u(r) = r - 31. Let x be u(5). Let n = 33 + x. What is the remainder when d is divided by n?
6
Suppose 19*y + 1759 = 5179. What is the remainder when y is divided by 16?
4
Suppose s - 2*q - 11 = 0, 38*s - 35*s + 4*q = 3. Suppose -2*x = 4, w + 0*w + s*x - 11 = 0. What is the remainder when 92 is divided by w?
8
Suppose 0 = -0*p + 3*p + 111. Let s = 43 + p. Let h = 65 - s. What is the remainder when h is divided by 15?
14
Let b = -295 - -295. Suppose -45*s + 57*s - 264 = b. What is the remainder when 42 is divided by s?
20
Let t(m) = 2*m**2 - 28*m + 20. Let g be t(14). Let u = g - 16. Suppose -u*f + f + 81 = a, 3*a - 2*f = 199. Calculate the remainder when a is divided by 10.
9
What is the remainder when (7 - (-2007)/(-36))*24/(-9) is divided by 16?
2
Let s be 100/30*(-4 - -1). Let x = 48 - -1. What is the remainder when x is divided by (9/(-2))/(s/40)?
13
Calculate the remainder when 38491 is divided by 14 + (22/110 - 7/((-70)/68)).
19
Suppose -18*d - 2896 = -3*p - 17*d, 0 = 3*p + 2*d - 2911. Calculate the remainder when p is divided by 470.
27
Let h be 0 + 1/1 + (47 - -14). Suppose 0 = 15*b - 347 + h. Calculate the remainder when b is divided by 7.
5
Let a(r) = -r**3 + 49*r**2 - 52*r + 194. Let m be a(48). Suppose q = -4*z + 3 + 19, 52 = 3*q - m*z. What is the remainder when 195 is divided by q?
15
Calculate the remainder when (8/(-28) + (-626)/14)*(174 + -176) is divided by 90.
0
Let k = 39798 + -39351. What is the remainder when 1645 is divided by k?
304
Let v = -9257 + 13069. What is the remainder when v is divided by 72?
68
Let t = 736 + -461. Suppose -51 = 7*z - t. What is the remainder when z is divided by 18?
14
Let o = 1166 + -1145. Suppose -5*q = -5*i + 515, -109 = -2*i + i - 5*q. What is the remainder when i is divided by o?
20
Let r be (117 + -1)*(-5 - 108/(-12)). Suppose -304 = 5*n - r. What is the remainder when 107 is divided by n?
11
Let h = 105 - 114. What is the remainder when 708 is divided by (5073/76)/(h/(-12))?
85
Let f be (-8)/1 - 2 - (-2 + 0). Calculate the remainder when 123 is divided by f/18 + 603/81.
4
Let d(c) = 2*c**2 + c - 2. Suppose 2*v - h = -423, -3*h + 3 = 12. Calculate the remainder when 6/21 + (-40)/168*v is divided by d(-3).
12
Calculate the remainder when 746 is divided by 4/6 - 41/(1476/(-2424)).
66
Let k be 2*(7 - (-6)/(-2)). Suppose k*n - 84 + 4 = 0. Suppose -5*g - 34 = -r, -4*r - 59*g = -62*g - 136. Calculate the remainder when r is divided by n.
4
Let y = 678 - 678. Let t(r) = r**3 - 8*r**2 - r + 9. Calculate the remainder when (1 - y)*-1 - 6/(-2) is divided by t(8).
0
Let k(p) = -7*p**3 + 358*p**2 + 321*p + 166. What is the remainder when k(52) is divided by 131?
110
Let f(s) = -9*s**2 - 204*s + 59. Calculate the remainder when 580 is divided by f(-22).
7
Suppose -2*j - 4*f = 3*j - 11, 10 = 4*j + 2*f. Suppose -m + 0*m + 5 = 0, 4*q + j*m = -41. Let g = -3 - q. What is the remainder when 119 is divided by g?
9
Let y = -2550 + 2596. What is the remainder when y is divided by 37?
9
Calculate the remainder when 2/((-798)/810 + 1) is divided by -14*(-1 + 0) + -37 + 40.
16
Let l(u) = 4*u**2 + 6*u - 5. Suppose 5*f - 3*o + 82 = 0, -3*f = -5*o + o + 58. Let n(j) = -12*j - 146. Calculate the remainder when l(-5) is divided by n(f).
21
Let k(p) = -8*p**3 - p**2 + 3*p + 2. Let c be k(-1). Suppose 0 = -c*h + 34 + 14. Let w(t) = t + 7. Calculate the remainder when w(5) is divided by h.
4
Let s(p) = 1 - 56*p**3 + 3*p - 51*p**3 + 4*p**2 - 8 + 8. What is the remainder when s(-1) is divided by 56?
53
Let c(p) = -8*p + 30. Suppose 14*r + 1410 = 24*r. Suppose 0 = 2*n - 91 - r. Calculate the remainder when n is divided by c(0).
26
Suppose 7*v + 129 = -305. Let n = -30 - v. What is the remainder when 62 is divided by n?
30
Suppose -20*p + 3*b = -24*p + 72, 5*p - 2*b - 136 = 0. What is the remainder when 287 is divided by p?
23
Calculate the remainder when (-5)/((-5)/(-1011))*(-2 + 1) is divided by 29.
25
Suppose -4*v + 2291 = -3*x, x + 50 - 45 = 0. Calculate the remainder when v is divided by 186.
11
Let r = -371 - -394. Calculate the remainder when r is divided by (((-14)/(-5))/7)/(3/45).
5
Suppose 0 = 3*g - x - 307, 489 = -3*g + 8*g + 4*x. What is the remainder when 310 is divided by g?
7
Let n be (6/(-9))/(8/(-36)). Suppose -16 = -2*u - n*q - 0, 2*q = 0. Suppose -55*y + 65*y - 1010 = 0. Calculate the remainder when y is divided by u.
5
Suppose -5*p + h + 1161 = 0, -4*p + 924 = 6*h - 8*h. Suppose -r + 3*r - 2*f - 90 = 0, 5*f - 104 = -2*r. Calculate the remainder when p is divided by r.
45
Let u(q) = -2*q**3 + 55*q**2 + 46*q - 396. What is the remainder when u(28) is divided by 20?
8
Suppose -5*c + 2686 = -4*g, -3*c + 1562 = g - 53. What is the remainder when c is divided by 124?
42
Let m be (979 + 4)*(-1 + 0). Let b be 12/(-54) + 2 + m/(-9). Suppose 4*z - u - b = -z, 0 = 3*u - 12. Calculate the remainder when z is divided by 5.
3
Suppose -4*w + 5*u + 52 = 0, -4*w = 4*u - 54 - 34. Calculate the remainder when 176 is divided by w.
14
Suppose 21047 - 94835 = -172*z. Calculate the remainder when z is divided by 31.
26
Let b(s) = 658*s**2 - 2*s + 6. Let m be b(2). Let v = m + -1829. Suppose 7*h - 1974 + v = 0. Calculate the remainder when h is divided by 42.
41
Let n(m) = -239*m + 4385. Calculate the remainder when 325 is divided by n(18).
76
Calculate the remainder when 17778 is divided by (-6)/348*-982 - 114/(-1653).
13
Suppose 4038 + 252 = -10*h. Let k = h - -438. What is the remainder when 33 is divided by k?
6
Let r = 11004 - 10913. Calculate the remainder when r is divided by 49.
42
Let v(a) = a**3 - 6*a - 2. Let l be v(3). Calculate the remainder when (-91)/(-26)*(-76)/(-14) is divided by 17/(-119) + 50/l.
5
Calculate the remainder when 15/(-10)*8758/(-87) is divided by 76.
75
Suppose -s - 9 + 15 = 0, 2*w - 3*s = 80. Suppose -n = -5*t + 2*n + 1192, 2*t = -3*n + 481. Calculate the remainder when t is divided by w.
43
Let r(g) = -g**3 - 18*g**2 - 17*g + 12. Let z = 32 + -49. Let y = -46 - -67. What is the remainder when y is divided by r(z)?
9
Let z = -2107 - -2901. What is the remainder when z is divided by 53?
52
Suppose -151*x - 304 = -w - 156*x, 3*w + x - 912 = 0. What is the remainder when w is divided by 15?
4
Let j = 358 + -358. Calculate the remainder when 111 is divided by 17 - (j - 4 - -4)*1.
9
Let c(o) = 4*o**2 + 90*o - 40. Let h be c(-23). Let r(g) = g**2 - 3*g. What is the remainder when 124 is divided by r(h)?
16
What is the remainder when 291 is divided by 31 + -22 + 15 + -17?
4
Calculate the remainder when 292 is divided by (-40158)/(-1150) + (-16)/(-200).
12
What is the remainder when 3195 is divided by 6/21*(-196)/(-112)*46?
21
Suppose 0 = -35*j + 1326 + 1019. Calculate the remainder when j is divided by 61.
6
What is the remainder when (73/4 + -1)*464/120*10 is divided by 274?
119
What is the remainder when (24/10)/(58 - 48538941/836880) is divided by 76?
72
Let u = -656 + 602. Let a = u - -110. What is the remainder when a is divided by 23?
10
Let f = 121 + -117. Suppose -j - 3*j = -3*a + 185, 0 = -j + f. Suppose b = 4*l - 3*l + 15, -5*b + 3*l = -a. Calculate the remainder when 30 is divided by b.
8
Let r = -915 + 444. Let n = -465 - r. Calculate the remainder when 19 is divided by n.
1
Suppose -6 = 2*z - 42. Let l(h) = -15*h - 22 + h**3 - 75*h**2 + 0*h**3 + 17*h**2 + 41*h**2. What is the rema